{"id":964,"date":"2017-11-19T11:58:23","date_gmt":"2017-11-19T10:58:23","guid":{"rendered":"https:\/\/www.unoursenplus.fr\/?page_id=964"},"modified":"2017-11-23T14:35:55","modified_gmt":"2017-11-23T13:35:55","slug":"boutique","status":"publish","type":"page","link":"https:\/\/www.unoursenplus.fr\/index.php\/boutique\/","title":{"rendered":"J&rsquo;adopte un ours"},"content":{"rendered":"<p>Certains de mes ours peuvent \u00eatre adopt\u00e9s. N&rsquo;h\u00e9sitez pas \u00e0 me <a href=\"https:\/\/www.unoursenplus.fr\/index.php\/contact\/\">contacter<\/a> si vous avez des questions!<\/p>\n","protected":false},"excerpt":{"rendered":"<p>Certains de mes ours peuvent \u00eatre adopt\u00e9s. N&rsquo;h\u00e9sitez pas \u00e0 me contacter si vous avez des questions!<\/p>\n","protected":false},"author":1,"featured_media":0,"parent":0,"menu_order":0,"comment_status":"closed","ping_status":"closed","template":"","meta":{"footnotes":""},"class_list":["post-964","page","type-page","status-publish","hentry"],"_links":{"self":[{"href":"https:\/\/www.unoursenplus.fr\/index.php\/wp-json\/wp\/v2\/pages\/964","targetHints":{"allow":["GET"]}}],"collection":[{"href":"https:\/\/www.unoursenplus.fr\/index.php\/wp-json\/wp\/v2\/pages"}],"about":[{"href":"https:\/\/www.unoursenplus.fr\/index.php\/wp-json\/wp\/v2\/types\/page"}],"author":[{"embeddable":true,"href":"https:\/\/www.unoursenplus.fr\/index.php\/wp-json\/wp\/v2\/users\/1"}],"replies":[{"embeddable":true,"href":"https:\/\/www.unoursenplus.fr\/index.php\/wp-json\/wp\/v2\/comments?post=964"}],"version-history":[{"count":14,"href":"https:\/\/www.unoursenplus.fr\/index.php\/wp-json\/wp\/v2\/pages\/964\/revisions"}],"predecessor-version":[{"id":1170,"href":"https:\/\/www.unoursenplus.fr\/index.php\/wp-json\/wp\/v2\/pages\/964\/revisions\/1170"}],"wp:attachment":[{"href":"https:\/\/www.unoursenplus.fr\/index.php\/wp-json\/wp\/v2\/media?parent=964"}],"curies":[{"name":"wp","href":"https:\/\/api.w.org\/{rel}","templated":true}]}}